 18 - 27. What are the prime factors of z?
3, 5
Let z(k) = -k**3 + 3*k**2 + k + 1. Let y(t) be the first derivative of -t**3/3 - 3*t**2 - 2*t + 2. Let w be y(-5). List the prime factors of z(w).
2
Let a = -63 + 70. List the prime factors of a.
7
Let p = 160 + -85. What are the prime factors of p?
3, 5
Let b(c) = -172*c - 5. What are the prime factors of b(-2)?
3, 113
List the prime factors of ((-14)/21)/(6/(-333)).
37
Let h be 3/(6/(-22)) + 0. Let y be (-2)/11 - 167/h. Suppose 0 = 5*o - 2*o + 3*a - y, -3*o + 3*a - 3 = 0. List the prime factors of o.
2
Suppose 0*n = -n + 5, -s + 27 = 5*n. Suppose 5*p = -2*f + 44, -s*p + p - 4 = 0. List the prime factors of f.
2
Let t be (1/2)/((-1)/(-20)). Let f = t + -7. Suppose b = a - 6, 7 + 14 = 4*a - f*b. List the prime factors of a.
3
Let j(u) = 4*u. Let b be ((-9)/6)/((-3)/(-6)). Let n be j(b). List the prime factors of (2 - (-33)/n)*-12.
3
Let l(p) be the second derivative of -p**3/2 - p**2 + p. List the prime factors of l(-3).
7
Let z(c) = c**2 + 9*c + 8. Let u be z(-6). Let x = 16 + u. Suppose -d + x = 2*d. What are the prime factors of d?
2
Let w be (1*-2)/(4/(-138)). Suppose w = 3*s - 0*s. Let a = s - 6. List the prime factors of a.
17
Let g be ((-4)/(-2) - 3)*0. List the prime factors of 1 + 2 + -1 + g.
2
Let j = 655 - 386. What are the prime factors of j?
269
Suppose -l - 3 = -2*l. Suppose 2*i = -w + 26, -2*i - 2*w + 10 = l*w. List the prime factors of i.
3, 5
Let k(i) = 14*i + 4. List the prime factors of k(3).
2, 23
Suppose 7*r - 5*r - 56 = 0. What are the prime factors of r?
2, 7
Suppose -3*j + j = -6. Suppose j = -3*n - 0. List the prime factors of (-1 - 1)*n - -1.
3
Let a(w) = w + 10. Let f be a(-9). Let x be f + -2*(-3)/6. Suppose -2*b = -4*t - 20, 0 = b - t + x*t + 2. What are the prime factors of b?
2
Let r(t) = t**2 - 8*t + 6. Let j be r(7). Let i = j - -3. Let c = 9 - i. What are the prime factors of c?
7
Suppose 0*b - 3*b + 15 = 0. Suppose -16 = -2*o + b*t, -o - 24 = -4*o + 3*t. What are the prime factors of o?
2
Let t = -9 - -14. Let i = -2 + t. What are the prime factors of i?
3
Let f(j) = -12*j**3 + j - 1. Let l be f(1). Let g = -9 - l. What are the prime factors of g?
3
Let r = 1 - -2. Suppose 4*a + 2*v - 174 = 0, -104 - 24 = -3*a + v. Suppose -a + 7 = -r*l. What are the prime factors of l?
2, 3
Suppose -w = -0*w - 5. Let x = -9 + w. List the prime factors of -1 + 2 + -1 - x.
2
Suppose -3*h - 4*p = -4*h + 53, h - 2*p = 43. List the prime factors of h.
3, 11
Let k = -13 + 18. Suppose z = -z + 6. Suppose -7 = -2*j - 3*n, -n - 6 = -k*j + z. List the prime factors of j.
2
Let d(j) = 7*j + 2*j**2 - 4 - 3 - j**2. Let i be d(-5). Let r = i + 34. What are the prime factors of r?
17
Suppose 5*w - 159 = -29. Suppose -2*n = -w + 4. What are the prime factors of n?
11
Let q(b) = -b**3 - 3*b**2 + 2. Suppose -2*i + 1 - 7 = 0. Let x be q(i). Suppose 0 = x*g - 0*g + 4*l - 16, -4*l + 10 = g. List the prime factors of g.
2, 3
Let a(y) = -y**3 + 9*y**2 - 10*y + 9. Let k be a(7). Let u = k - 15. What are the prime factors of u?
2, 11
Let n = 7 + -1. Suppose -a + 4*a = -2*o + 8, 2*o = -2*a + n. List the prime factors of a.
2
Let u(w) = w**2 + 3. Let a be u(0). Suppose 6 = a*j - 6. Suppose 0 = j*z - 5*g - 24, -5*z - 15 = 4*g - 86. List the prime factors of z.
11
Let t be 1*(-4 - (2 - 4)). Let d(i) = 3*i**3 + 2*i**2 - 3*i - 2. Let m be d(t). Let q = m + 21. List the prime factors of q.
3
Suppose -2*m - 2*m - 5*b = 13, 3*b + 21 = 2*m. Let o = 1 + m. Suppose -i + 5*i - 34 = 2*k, o*k = i - 12. What are the prime factors of i?
2
Let j(b) = 129*b**3 - b**2 - b + 2. What are the prime factors of j(1)?
3, 43
Let q(o) = o**2 + 5*o - 9. Let w be q(-7). Suppose -t = w*f - 29, 0 = 3*f - 4*f - 2*t + 4. What are the prime factors of f/(-9) - 64/(-6)?
2, 5
Suppose -2*j = -0*j + 108. Let s = 89 + j. What are the prime factors of s?
5, 7
Suppose -34 + 764 = 5*l. List the prime factors of l.
2, 73
Let b(i) = -i**3 - 1. Let s(q) = -4*q**3 + 2*q**2 + 2. Let p(j) = -b(j) - s(j). List the prime factors of p(2).
31
Suppose 0 = -c + 2*c - 140. Suppose f = 2*i + 13 + 13, c = 5*f - 5*i. Let s = f + -19. List the prime factors of s.
11
Let o be -2 - (-1)/(2/6). Let n be o - 3/(1 + 0). What are the prime factors of 6 + 1/(-2)*n?
7
Let w(g) = -15*g + 15. List the prime factors of w(-4).
3, 5
Suppose 2 = 3*x - 3*l - 4, -x - 5*l = -20. Suppose 2*m + 12 = x*m. List the prime factors of m.
2
List the prime factors of (-23)/((3 - 1)/(-2)).
23
Let v(q) = -q**3 - 7*q**2 - 2*q + 10. List the prime factors of v(-7).
2, 3
What are the prime factors of 32 + 0 + 3/(-1)?
29
Let j(p) = p**2 - 6*p + 11. Let v(g) = 3*g**2 - 3*g + 3. Let d be v(2). What are the prime factors of j(d)?
2, 19
Suppose 5*m - 4*m = -4*o - 17, 2*o = m - 13. Suppose -23 = 2*v - m*v. List the prime factors of v.
23
Let d = 139 - 71. Suppose -2*c = 2*c - d. What are the prime factors of c?
17
Let g = 54 - 31. Suppose -16 - g = -3*p. List the prime factors of p.
13
Suppose -2*l - 32 = -6*l. Let f = l + -5. Suppose 0 = -v + 4*x - 3 - 4, f*x = 4*v - 37. What are the prime factors of v?
13
Let j(z) = -z**2 + 7*z - 5. Let h be j(5). Suppose -3*w + 58 = -2*o + 5, h*o + 80 = 4*w. List the prime factors of w.
3, 5
Suppose 3*p - 10 = -4. Suppose k + 10 = p*k + a, -15 = -5*a. What are the prime factors of k?
7
Let i = 11 + -7. Let q = 3 - i. Let j = 6 + q. What are the prime factors of j?
5
Let x(p) = -p**2 - 9*p - 6. List the prime factors of x(-4).
2, 7
Suppose -3*q + 476 = 4*x, 3*q + 10*x = 5*x + 478. List the prime factors of q.
2, 3, 13
Let n be (2 - 1)*(9 - 10). Let z = -1 - n. Suppose z = -4*h - h + 30. List the prime factors of h.
2, 3
Suppose -z + 29 = 74. Let d = -66 - z. Let s = -9 - d. List the prime factors of s.
2, 3
Let p(s) = -s**2 + s + 62. Let o be p(0). Suppose -5*g - o = 18. Let t = g + 26. What are the prime factors of t?
2, 5
Let m = 4 - 1. Suppose -d - m = -2*x, 2*x - 48 + 1 = 5*d. Let o = d + 18. List the prime factors of o.
7
Suppose -2*u - 34 = -76. List the prime factors of u.
3, 7
Suppose -w + 5 = 10. Let o(u) = u**3 + 5*u**2 - u + 5. List the prime factors of o(w).
2, 5
Let d(q) = -21*q**3 - 3*q + 2. Let o be d(1). Let w = -11 - o. List the prime factors of w.
11
Let b be (-2)/3 + 16/6. Let z(t) = -3*t + 2*t + 4*t + 2*t. What are the prime factors of z(b)?
2, 5
List the prime factors of 156/2*4/8.
3, 13
Let w(o) = o**3 - o**2 + 5. Let m be w(0). Suppose 4*k - 23 = 5*f, m*k + f = -0*f + 7. Suppose k*y + 37 = 4*y - 3*l, -2*l = -2. What are the prime factors of y?
2, 5
Let n(k) = k**2 + 3*k - 7. Let f be n(-5). Suppose 2*d + 3 = -2*z + 5*z, z - 3 = 0. Suppose -4*h = q + 10, 3*h = -d*q - 0 - f. What are the prime factors of q?
2
Suppose -2*q + 150 = -3*p - 276, 2 = p. What are the prime factors of q?
2, 3
Suppose -3*o + 1 = -11. Suppose 20 = 5*n + f, -3*n - f - 10 = -o*n. Suppose -n*k + 3*k - 4*l = -8, -9 = -5*k + l. List the prime factors of k.
2
Let c(n) = -31*n - 49. What are the prime factors of c(-5)?
2, 53
Let c be 5 - 3*4/6. Suppose -3*h - g + 26 = -14, h = c*g. List the prime factors of h.
2, 3
Let m(v) = 8*v**2 + 1. Suppose 7*t - 2*t = -20. Let c(g) = g + 3. Let j be c(t). What are the prime factors of m(j)?
3
Suppose 2 = w - 4. List the prime factors of 590/15*w/4.
59
Suppose -13 = -5*y + o, -5*y = -4*o - 12 - 10. Let k be (y/4)/1*0. Suppose 2 + k = w. What are the prime factors of w?
2
Suppose -4*f - 11 = -5*f + 3*z, -2*f + 10 = -2*z. Suppose -5*a - 4*k = k - 30, 0 = -4*a + f*k + 42. List the prime factors of a.
3
Suppose -4*q = -f + 55, 0 = 2*q - q + 2*f + 16. What are the prime factors of (-17 + 0)/(14/q)?
17
Let t(a) = a + 6. Let q be t(-3). Suppose q*c - 4 = 14. List the prime factors of c.
2, 3
Let z = 72 - 36. What are the prime factors of z?
2, 3
Let s(l) = l**2 + 17. Suppose -2*d = 5*o, -4*d + 3*d = -o. List the prime factors of s(o).
17
List the prime factors of (-4)/((-84)/9) - 14532/(-49).
3, 11
Let n = 21 + -16. Suppose -3*r + 60 = 2*u - 15, 2*u - 99 = n*r. List the prime factors of u.
2, 3, 7
Let t(p) be the third derivative of p**5/30 + p**4/4 + 2*p**3/3 + 2*p**2. What are the prime factors of t(-4)?
2, 3
Let j(z) = -z**2 - 9*z - 9. Let i be j(-7). Suppose i*p = 2*y - 60, y - 2*p = 2*p + 36. Let m = y + -9. What are the prime facto